of 10240?
True
Does 18 divide 5495?
False
Is 66325 a multiple of 73?
False
Does 191 divide 36874?
False
Is 42 a factor of 52706?
False
Does 32 divide 672?
True
Is 86 a factor of 52486?
False
Is 39 a factor of 54?
False
Is 49 a factor of 1919?
False
Is 1820 a multiple of 9?
False
Does 480 divide 117600?
True
Is 86 a factor of 44376?
True
Is 82 a factor of 674?
False
Is 20 a factor of 4220?
True
Is 44 a factor of 1211?
False
Is 2093 a multiple of 12?
False
Does 13 divide 1132?
False
Is 2382 a multiple of 24?
False
Does 6 divide 208?
False
Does 43 divide 15540?
False
Does 15 divide 186?
False
Is 41646 a multiple of 16?
False
Does 3 divide 240?
True
Is 30 a factor of 570?
True
Is 19524 a multiple of 12?
True
Is 2 a factor of 3322?
True
Does 61 divide 9116?
False
Is 872 a multiple of 8?
True
Is 12012 a multiple of 7?
True
Is 5024 a multiple of 32?
True
Does 13 divide 3194?
False
Is 44 a factor of 23364?
True
Is 4433 even?
False
Does 162 divide 30254?
False
Is 23 a factor of 8682?
False
Is 29 a factor of 319?
True
Is 11720 a multiple of 5?
True
Is 4716 a multiple of 37?
False
Does 28 divide 4580?
False
Is 350 a multiple of 2?
True
Does 13 divide 2457?
True
Is 982 a multiple of 27?
False
Is 38 a multiple of 38?
True
Is 5 a factor of 65?
True
Does 16 divide 1792?
True
Is 26 a factor of 2080?
True
Is 2470 a multiple of 13?
True
Is 28 a factor of 5264?
True
Does 3 divide 2337?
True
Is 10868 a multiple of 19?
True
Does 2 divide 2056?
True
Does 11 divide 2017?
False
Does 16 divide 7990?
False
Is 21250 a multiple of 15?
False
Is 3640 a multiple of 13?
True
Does 14 divide 575?
False
Does 7 divide 2044?
True
Is 38 a factor of 657?
False
Is 78373 a multiple of 25?
False
Does 11 divide 2640?
True
Does 33 divide 8088?
False
Does 21 divide 2142?
True
Does 22 divide 5110?
False
Is 244 a factor of 50752?
True
Is 24 a factor of 27962?
False
Does 47 divide 70204?
False
Is 41082 a multiple of 49?
False
Does 16 divide 5808?
True
Is 765 a multiple of 23?
False
Does 10 divide 570?
True
Does 16 divide 48320?
True
Is 20443 a multiple of 24?
False
Is 4 a factor of 10327?
False
Does 86 divide 430?
True
Is 161 a multiple of 3?
False
Does 5 divide 4708?
False
Is 1444 a multiple of 19?
True
Is 45 a factor of 450?
True
Is 424 a multiple of 8?
True
Does 40 divide 24918?
False
Is 1588 a multiple of 8?
False
Is 39504 a multiple of 6?
True
Does 47 divide 3572?
True
Is 1551 a multiple of 47?
True
Is 975 a multiple of 39?
True
Is 45 a factor of 1528?
False
Is 67 a factor of 10214?
False
Is 14874 a multiple of 134?
True
Does 13 divide 1469?
True
Does 36 divide 31316?
False
Does 30 divide 39030?
True
Is 36 a factor of 2772?
True
Is 16 a factor of 82752?
True
Is 2965 a multiple of 21?
False
Is 10100 a multiple of 20?
True
Is 4033 a multiple of 109?
True
Is 7701 a multiple of 29?
False
Is 4731 a multiple of 66?
False
Does 22 divide 44?
True
Does 23 divide 27048?
True
Is 43 a factor of 51?
False
Is 2352 a multiple of 24?
True
Does 9 divide 5130?
True
Is 13 a factor of 33841?
False
Does 60 divide 1248?
False
Does 26 divide 13312?
True
Is 23 a factor of 10296?
False
Does 23 divide 10027?
False
Is 23 a factor of 690?
True
Does 151 divide 21442?
True
Does 209 divide 12896?
False
Is 16546 a multiple of 21?
False
Does 44 divide 13332?
True
Is 73861 a multiple of 17?
False
Is 87012 a multiple of 19?
False
Is 12111 a multiple of 209?
False
Is 8 a multiple of 2?
True
Is 31783 a multiple of 144?
False
Is 14 a factor of 380?
False
Does 41 divide 2542?
True
Is 4767 a multiple of 7?
True
Does 32 divide 9024?
True
Is 2613 a multiple of 19?
False
Is 3381 a multiple of 21?
True
Is 290 a multiple of 58?
True
Is 28 a factor of 726?
False
Is 1411 a multiple of 12?
False
Is 1113 a multiple of 4?
False
Does 30 divide 1200?
True
Is 8733 a multiple of 3?
True
Does 8 divide 20954?
False
Does 52 divide 7124?
True
Is 3753 a multiple of 23?
False
Is 7594 even?
True
Does 24 divide 10541?
False
Is 687 a multiple of 3?
True
Is 21904 a multiple of 8?
True
Is 25 a factor of 1222?
False
Does 14 divide 10085?
False
Is 616 a multiple of 49?
False
Is 27298 a multiple of 21?
False
Is 11 a factor of 14685?
True
Is 7 a factor of 833?
True
Is 16 a factor of 5037?
False
Is 419 a multiple of 16?
False
Is 12 a factor of 481?
False
Is 16 a factor of 4083?
False
Is 30 a factor of 555?
False
Is 105 a multiple of 5?
True
Does 41 divide 2138?
False
Is 11 a factor of 1179?
False
Is 6314 a multiple of 7?
True
Is 81788 a multiple of 127?
True
Does 22 divide 1870?
True
Does 23 divide 414?
True
Does 24 divide 1244?
False
Does 3 divide 72?
True
Does 13 divide 429?
True
Is 31 a factor of 69060?
False
Is 19 a factor of 532?
True
Does 9 divide 24045?
False
Is 134 a multiple of 34?
False
Is 1820 a multiple of 7?
True
Is 2738 a multiple of 7?
False
Is 50980 a multiple of 5?
True
Does 92 divide 1840?
True
Is 3456 a multiple of 96?
True
Does 26 divide 16192?
False
Is 11233 a multiple of 47?
True
Does 290 divide 120320?
False
Is 21128 a multiple of 12?
False
Does 18 divide 2862?
True
Is 11 a factor of 2372?
False
Is 61073 a multiple of 59?
False
Is 6664 a multiple of 11?
False
Does 34 divide 36225?
False
Is 13 a factor of 999?
False
Is 36 a factor of 648?
True
Is 15 a factor of 6345?
True
Does 4 divide 598?
False
Does 11 divide 80505?
False
Is 82 a factor of 8095?
False
Is 29500 a multiple of 20?
True
Does 4 divide 345?
False
Is 35 a factor of 1546?
False
Is 11 a factor of 167?
False
Is 18 a factor of 486?
True
Is 235 a multiple of 5?
True
Is 110 a multiple of 22?
True
Is 11 a factor of 14227?
False
Is 6 a factor of 481?
False
Is 13 a factor of 6422?
True
Does 91 divide 8121?
False
Does 64 divide 3840?
True
Is 76041 a multiple of 21?
True
Is 616 a multiple of 67?
False
Does 64 divide 512?
True
Is 23 a factor of 897?
True
Does 25 divide 27050?
True
Does 21 divide 8568?
True
Is 351 a multiple of 9?
True
Is 67 a factor of 757?
False
Is 14 a factor of 6482?
True
Is 36652 a multiple of 196?
True
Does 16 divide 319?
False
Does 19 divide 6367?
False
Is 41261 a multiple of 341?
True
Does 2 divide 6981?
False
Is 6104 even?
True
Is 220 a factor of 50813?
False
Does 17 divide 24855?
False
Does 2 divide 7864?
True
Is 977 a multiple of 45?
False
Does 87 divide 2784?
True
Is 89 a factor of 356?
True
Is 12480 a multiple of 20?
True
Does 4 divide 610?
False
Does 11 divide 18?
False
Does 98 divide 1310?
False
Is 210 a multiple of 21?
True
Is 785 a multiple of 60?
False
Is 4 a factor of 344?
True
Is 11 a factor of 15389?
True
Is 8 a factor of 435?
False
Is 6820 a multiple of 22?
True
Does 11 divide 391?
False
Is 7 a factor of 681?
False
Is 1105 a multiple of 13?
True
Is 121 a factor of 126203?
True
Does 19 divide 2811?
False
Is 4064 a multiple of 3?
False
Is 6936 a multiple of 17?
True
Is 5 a factor of 412?
False
Does 12 divide 164?
False
Does 20 divide 1340?
True
Is 13 a factor of 14339?
True
Does 20 divide 283?
False
Is 20 a factor of 39500?
True
Is 7901 a multiple of 13?
False
Does 12 divide 15604?
False
Does 4 divide 908?
True
Does 3 divide 109?
False
Does 24 divide 1392?
True
Does 4 divide 732?
True
Is 17626 a multiple of 66?
False
Does 15 divide 3054?
False
Is 9 a factor of 3483?
True
Is 311 a multiple of 11?
False
Is 30076 a multiple of 292?
True
Is 135 a factor of 10395?
True
Does 9 divide 261?
True
Is 299 a factor of 31993?
True
Does 12 divide 271?
False
Does 17 divide 216?
False
Is 34 a factor of 820?
False
Is 8 a factor of 33570?
False
Is 4 a factor of 1648?
True
Does 5 divide 23808?
False
Is 5 a factor of 2419?
False
Is 20 a factor of 826?
False
Is 179 a factor of 7717?
False
Is 17 a factor of 1386?
False
Is 6 a factor of 48468?
True
Is 12650 a multiple of 20?
False
Is 90 a multiple of 9?
True
Does 50 divide 700?
True
Does 5 divide 9060?
True
Does 8 divide 1251?
False
Is 12 a factor of 1988?
False
Is 528 a multiple of 11?
True
Is 40 a factor of 27240?
True
Does 8 divide 19803?
False
Does 23 divide 5017?
False
Is 195 a multiple of 5?
True
Is 75 a multiple of 15?
True
Is 25 a factor of 1062?
False
Is 42 a factor of 14112?
True
Is 58 a factor of 2088?
True
Does 19 divide 7448?
True
Is 16 a factor of 359?
False
Is 29 a factor of 68?
False
Is 6 a factor of 2328?
True
Is 2127 a multiple of 49?
False
Is 14 a factor of 4578?
True
Does 28 divide 140?
True
Doe